{"id":208,"date":"2018-02-25T23:05:21","date_gmt":"2018-02-25T23:05:21","guid":{"rendered":"http:\/\/gruptm.com\/?page_id=208"},"modified":"2019-01-22T08:28:36","modified_gmt":"2019-01-22T08:28:36","slug":"asesoria-laboral","status":"publish","type":"page","link":"http:\/\/gruptm.com\/?page_id=208","title":{"rendered":"Asesor\u00eda laboral"},"content":{"rendered":"<p>Tenemos a disposici\u00f3n de nuestros clientes unos profesionales con muchos a\u00f1os de experiencia, que mantienen a nuestros clientes informados de cualquier tema en materia laboral.<\/p>\n<ul>\n<li>Asesoramiento Laboral<\/li>\n<li>Gesti\u00f3n Laboral\n<ul>\n<li>Confecci\u00f3n de contratos de trabajo y su comunicaci\u00f3n<\/li>\n<li>Altas y bajas en la seguridad social, tanto de trabajadores como de empresas<\/li>\n<li>N\u00f3minas<\/li>\n<li>Confecci\u00f3n y presentaci\u00f3n de las liquidaciones de la seguridad social<\/li>\n<li>Confecci\u00f3n y presentaci\u00f3n IRPF y resumen anual.<\/li>\n<li>Gesti\u00f3n y asesoramiento de aplazamientos de pagos de las cuotas de la seguridad Social.<\/li>\n<\/ul>\n<\/li>\n<li>Asistencia y asesoramiento frente a demandas laborales, tanto en la conciliaci\u00f3n (CEMAC) como en magistratura (Juzgados de lo Social)<\/li>\n<li>Asistencia y asesoramiento frente la inspecci\u00f3n de trabajo<\/li>\n<\/ul>\n","protected":false},"excerpt":{"rendered":"<p>Tenemos a disposici\u00f3n de nuestros clientes unos profesionales con muchos a\u00f1os de experiencia, que mantienen a nuestros clientes informados de cualquier tema en materia laboral. Asesoramiento Laboral Gesti\u00f3n Laboral Confecci\u00f3n de contratos de trabajo y su comunicaci\u00f3n Altas y bajas en la seguridad social, tanto de trabajadores como de empresas N\u00f3minas Confecci\u00f3n y presentaci\u00f3n de [&hellip;]<\/p>\n","protected":false},"author":4,"featured_media":0,"parent":0,"menu_order":0,"comment_status":"closed","ping_status":"closed","template":"page-full-width.php","meta":{"footnotes":""},"class_list":["post-208","page","type-page","status-publish","hentry"],"aioseo_notices":[],"_links":{"self":[{"href":"http:\/\/gruptm.com\/index.php?rest_route=\/wp\/v2\/pages\/208","targetHints":{"allow":["GET"]}}],"collection":[{"href":"http:\/\/gruptm.com\/index.php?rest_route=\/wp\/v2\/pages"}],"about":[{"href":"http:\/\/gruptm.com\/index.php?rest_route=\/wp\/v2\/types\/page"}],"author":[{"embeddable":true,"href":"http:\/\/gruptm.com\/index.php?rest_route=\/wp\/v2\/users\/4"}],"replies":[{"embeddable":true,"href":"http:\/\/gruptm.com\/index.php?rest_route=%2Fwp%2Fv2%2Fcomments&post=208"}],"version-history":[{"count":2,"href":"http:\/\/gruptm.com\/index.php?rest_route=\/wp\/v2\/pages\/208\/revisions"}],"predecessor-version":[{"id":308,"href":"http:\/\/gruptm.com\/index.php?rest_route=\/wp\/v2\/pages\/208\/revisions\/308"}],"wp:attachment":[{"href":"http:\/\/gruptm.com\/index.php?rest_route=%2Fwp%2Fv2%2Fmedia&parent=208"}],"curies":[{"name":"wp","href":"https:\/\/api.w.org\/{rel}","templated":true}]}}